{"id":611,"date":"2017-08-14T17:43:35","date_gmt":"2017-08-14T20:43:35","guid":{"rendered":"http:\/\/events.sustainablebrands.com\/sb17saopaulo\/?page_id=611"},"modified":"2017-08-31T17:29:53","modified_gmt":"2017-08-31T20:29:53","slug":"millennials-lab","status":"publish","type":"page","link":"https:\/\/events.sustainablebrands.com\/conferences\/sb17saopaulo\/pt\/millennials-lab\/","title":{"rendered":"Millennials Lab"},"content":{"rendered":"<p><img loading=\"lazy\" class=\"aligncenter size-full wp-image-612\" src=\"events.sustainablebrands.com\/conferences\/sb17saopaulo\/wp-content\/uploads\/2017\/08\/Millennials_CapaFB.jpg\" alt=\"\" width=\"820\" height=\"312\" srcset=\"https:\/\/events.sustainablebrands.com\/conferences\/sb17saopaulo\/wp-content\/uploads\/2017\/08\/Millennials_CapaFB.jpg 820w, https:\/\/events.sustainablebrands.com\/conferences\/sb17saopaulo\/wp-content\/uploads\/2017\/08\/Millennials_CapaFB-300x114.jpg 300w, https:\/\/events.sustainablebrands.com\/conferences\/sb17saopaulo\/wp-content\/uploads\/2017\/08\/Millennials_CapaFB-768x292.jpg 768w, https:\/\/events.sustainablebrands.com\/conferences\/sb17saopaulo\/wp-content\/uploads\/2017\/08\/Millennials_CapaFB-212x81.jpg 212w, https:\/\/events.sustainablebrands.com\/conferences\/sb17saopaulo\/wp-content\/uploads\/2017\/08\/Millennials_CapaFB-400x152.jpg 400w, https:\/\/events.sustainablebrands.com\/conferences\/sb17saopaulo\/wp-content\/uploads\/2017\/08\/Millennials_CapaFB-355x135.jpg 355w, https:\/\/events.sustainablebrands.com\/conferences\/sb17saopaulo\/wp-content\/uploads\/2017\/08\/Millennials_CapaFB-306x116.jpg 306w, https:\/\/events.sustainablebrands.com\/conferences\/sb17saopaulo\/wp-content\/uploads\/2017\/08\/Millennials_CapaFB-642x244.jpg 642w\" sizes=\"(max-width: 820px) 100vw, 820px\" \/><\/p>\n<p>&nbsp;<\/p>\n<p class=\"00Texto\">O Millennials lab \u00e9 uma incubadora e aceleradora para empreendimentos sociais, relacionados aos Objetivos do Desenvolvimento Sustent\u00e1vel (ODS). O laborat\u00f3rio iniciou na Virada Sustent\u00e1vel e seguir\u00e1 com as atividades no Sustainable Brands S\u00e3o Paulo, oferecido pelo Ita\u00fa-Unibanco.<\/p>\n<p class=\"00Texto\">Os projetos selecionados participar\u00e3o de quatro dias de oficinas realizadas pela <a href=\"http:\/\/www.engajamundo.org\/\">Engajamundo<\/a> \u2013 organiza\u00e7\u00e3o de lideran\u00e7a jovem de engajamento nos desafios sociais e ambientais do pa\u00eds e do mundo \u2013 e pelo <a href=\"http:\/\/www.flowmakers.com.br\/\">Flowmakers<\/a> \u2013 iniciativa para o desenvolvimento humano e empreendedor de jovens talentos \u2013, entre a Virada Sustent\u00e1vel e o #SB17SP.<\/p>\n<p class=\"00Texto\">O Millennials Lab proporcionar\u00e1 um processo de acelera\u00e7\u00e3o dos projetos em est\u00e1gio inicial, e o desenvolvimento do plano de a\u00e7\u00e3o dos potenciais empreendimentos, ainda em fase conceitual.<\/p>\n<p class=\"00Texto\">Os participantes receber\u00e3o capacita\u00e7\u00e3o em temas como modelo de neg\u00f3cios, comunica\u00e7\u00e3o, advocacy e impacto social. Ser\u00e3o conectados a uma rede de parceiros e mentores, participar\u00e3o do Sustainable Brands e ter\u00e3o acesso a investidores, durante o evento, a ser realizado nos dias 18 e 19 de setembro, no Unibes Cultural.<\/p>\n<p>&nbsp;<\/p>\n","protected":false},"excerpt":{"rendered":"<p>&nbsp; O Millennials lab \u00e9 uma incubadora e aceleradora para empreendimentos sociais, relacionados aos Objetivos do Desenvolvimento Sustent\u00e1vel (ODS). O laborat\u00f3rio iniciou na Virada Sustent\u00e1vel e seguir\u00e1 com as atividades no Sustainable Brands S\u00e3o Paulo, oferecido pelo Ita\u00fa-Unibanco. Os projetos selecionados participar\u00e3o de quatro dias de oficinas realizadas pela Engajamundo \u2013 organiza\u00e7\u00e3o de lideran\u00e7a jovem [&hellip;]<\/p>\n","protected":false},"author":101011,"featured_media":612,"parent":0,"menu_order":0,"comment_status":"closed","ping_status":"closed","template":"","meta":[],"_links":{"self":[{"href":"https:\/\/events.sustainablebrands.com\/conferences\/sb17saopaulo\/wp-json\/wp\/v2\/pages\/611"}],"collection":[{"href":"https:\/\/events.sustainablebrands.com\/conferences\/sb17saopaulo\/wp-json\/wp\/v2\/pages"}],"about":[{"href":"https:\/\/events.sustainablebrands.com\/conferences\/sb17saopaulo\/wp-json\/wp\/v2\/types\/page"}],"author":[{"embeddable":true,"href":"https:\/\/events.sustainablebrands.com\/conferences\/sb17saopaulo\/wp-json\/wp\/v2\/users\/101011"}],"replies":[{"embeddable":true,"href":"https:\/\/events.sustainablebrands.com\/conferences\/sb17saopaulo\/wp-json\/wp\/v2\/comments?post=611"}],"version-history":[{"count":3,"href":"https:\/\/events.sustainablebrands.com\/conferences\/sb17saopaulo\/wp-json\/wp\/v2\/pages\/611\/revisions"}],"predecessor-version":[{"id":877,"href":"https:\/\/events.sustainablebrands.com\/conferences\/sb17saopaulo\/wp-json\/wp\/v2\/pages\/611\/revisions\/877"}],"wp:featuredmedia":[{"embeddable":true,"href":"https:\/\/events.sustainablebrands.com\/conferences\/sb17saopaulo\/wp-json\/wp\/v2\/media\/612"}],"wp:attachment":[{"href":"https:\/\/events.sustainablebrands.com\/conferences\/sb17saopaulo\/wp-json\/wp\/v2\/media?parent=611"}],"curies":[{"name":"wp","href":"https:\/\/api.w.org\/{rel}","templated":true}]}}