{"id":402,"date":"2017-06-26T18:32:40","date_gmt":"2017-06-26T21:32:40","guid":{"rendered":"http:\/\/events.sustainablebrands.com\/sb17saopaulo\/?page_id=402"},"modified":"2017-09-04T16:00:34","modified_gmt":"2017-09-04T19:00:34","slug":"imprensa","status":"publish","type":"page","link":"https:\/\/events.sustainablebrands.com\/conferences\/sb17saopaulo\/pt\/imprensa\/","title":{"rendered":"Imprensa"},"content":{"rendered":"<p>A <strong>Burson Marsteller<\/strong>, uma das maiores redes globais de consultoria de comunica\u00e7\u00e3o corporativa e rela\u00e7\u00f5es p\u00fablicas, \u00e9 respons\u00e1vel pelo atendimento aos profissionais de imprensa na Sustainable Brands S\u00e3o Paulo 2017, antes e durante a confer\u00eancia.<\/p>\n<p><strong>Burson-Marsteller Brasil<\/strong><br \/>\n55 11 3094-2240<br \/>\n<a href=\"http:\/\/brasil.bm.com\">http:\/\/brasil.bm.com<\/a><\/p>\n<p><strong>Carolina Tiago<\/strong><br \/>\n55 11 3040-2406<br \/>\n<a href=\"mailto:Carolina.tiago@bm.com\" target=\"_blank\" rel=\"noopener\">carolina.tiago@bm.com<\/a><\/p>\n<p>&nbsp;<\/p>\n<p>&nbsp;<\/p>\n","protected":false},"excerpt":{"rendered":"<p>A Burson Marsteller, uma das maiores redes globais de consultoria de comunica\u00e7\u00e3o corporativa e rela\u00e7\u00f5es p\u00fablicas, \u00e9 respons\u00e1vel pelo atendimento aos profissionais de imprensa na Sustainable Brands S\u00e3o Paulo 2017, antes e durante a confer\u00eancia. Burson-Marsteller Brasil 55 11 3094-2240 http:\/\/brasil.bm.com Carolina Tiago 55 11 3040-2406 carolina.tiago@bm.com &nbsp; &nbsp;<\/p>\n","protected":false},"author":5,"featured_media":0,"parent":0,"menu_order":0,"comment_status":"closed","ping_status":"closed","template":"","meta":[],"_links":{"self":[{"href":"https:\/\/events.sustainablebrands.com\/conferences\/sb17saopaulo\/wp-json\/wp\/v2\/pages\/402"}],"collection":[{"href":"https:\/\/events.sustainablebrands.com\/conferences\/sb17saopaulo\/wp-json\/wp\/v2\/pages"}],"about":[{"href":"https:\/\/events.sustainablebrands.com\/conferences\/sb17saopaulo\/wp-json\/wp\/v2\/types\/page"}],"author":[{"embeddable":true,"href":"https:\/\/events.sustainablebrands.com\/conferences\/sb17saopaulo\/wp-json\/wp\/v2\/users\/5"}],"replies":[{"embeddable":true,"href":"https:\/\/events.sustainablebrands.com\/conferences\/sb17saopaulo\/wp-json\/wp\/v2\/comments?post=402"}],"version-history":[{"count":3,"href":"https:\/\/events.sustainablebrands.com\/conferences\/sb17saopaulo\/wp-json\/wp\/v2\/pages\/402\/revisions"}],"predecessor-version":[{"id":906,"href":"https:\/\/events.sustainablebrands.com\/conferences\/sb17saopaulo\/wp-json\/wp\/v2\/pages\/402\/revisions\/906"}],"wp:attachment":[{"href":"https:\/\/events.sustainablebrands.com\/conferences\/sb17saopaulo\/wp-json\/wp\/v2\/media?parent=402"}],"curies":[{"name":"wp","href":"https:\/\/api.w.org\/{rel}","templated":true}]}}