{"id":347,"date":"2017-02-08T20:35:41","date_gmt":"2017-02-08T20:35:41","guid":{"rendered":"https:\/\/events.sustainablebrands.com\/conferences\/sb17istanbul\/?page_id=347"},"modified":"2017-04-15T07:49:47","modified_gmt":"2017-04-15T07:49:47","slug":"sponsors","status":"publish","type":"page","link":"https:\/\/events.sustainablebrands.com\/conferences\/sb17istanbul\/en\/sponsors\/","title":{"rendered":"Sponsors"},"content":{"rendered":"<table class=\"table\">\n<tbody>\n<tr style=\"background-color: #f3f3f3;\">\n<td style=\"vertical-align: middle;\">\n<h2 style=\"margin-top: 15px;\">Platinium Sponsors<\/h2>\n<\/td>\n<td style=\"vertical-align: middle;\" align=\"right\" valign=\"middle\"><\/td>\n<\/tr>\n<tr>\n<td colspan=\"2\">\n<div class=\"row\">\n<div class=\"col-md-6\">\n<p align=\"center\"><a href=\"http:\/\/www.basf.com.tr\/\" target=\"_blank\"><img src=\"https:\/\/events.sustainablebrands.com\/conferences\/sb17istanbul\/wp-content\/uploads\/2017\/02\/basf.png\" alt=\"basf\" \/><\/a><\/p>\n<p>At BASF, we create chemistry for a sustainable future. We combine economic success with environmental protection and social responsibility. Through science and innovation we enable our customers in nearly every industry to meet the current and future needs of society.<\/p>\n<\/div>\n<div class=\"col-md-6\">\n<p align=\"center\"><a href=\"http:\/\/www.unilever.com.tr\/\" target=\"_blank\"><img src=\"https:\/\/events.sustainablebrands.com\/conferences\/sb17istanbul\/wp-content\/uploads\/2017\/02\/unilever.jpg\" alt=\"unilever\" \/><\/a><\/p>\n<p>Unilever, which has created added value spanning over 100 years and is found in 9 out of each 10 households with brands totaling almost 30 in number, places sustainability at the core of its business. \u201cUnilever Sustainable Living Plan\u201d, which was launched in 2010 in order to make sustainable living commonplace, aims at decoupling its environmental footprint and increasing its positive social impact whilst growing Unilever\u2019s business. Unilever defines its brands which serve for a social and environmental purpose as \u201csustainable living brands\u201d, and works with the target of a brighter future for everyone.<\/p>\n<\/div>\n<\/div>\n<\/td>\n<\/tr>\n<\/tbody>\n<\/table>\n<p>&nbsp;<\/p>\n<table class=\"table\">\n<tbody>\n<tr style=\"background-color: #f3f3f3;\">\n<td style=\"vertical-align: middle;\">\n<h2 style=\"margin-top: 15px;\">Gold Sponsor<\/h2>\n<\/td>\n<td style=\"vertical-align: middle;\" align=\"right\" valign=\"middle\"><\/td>\n<\/tr>\n<tr>\n<td colspan=\"2\">\n<div class=\"row\">\n<div class=\"col-md-12\">\n<p align=\"center\"><a href=\"http:\/\/www.ulker.com.tr\/tr\" target=\"_blank\"><img src=\"https:\/\/events.sustainablebrands.com\/conferences\/sb17istanbul\/wp-content\/uploads\/2017\/03\/ulker_sponsor.png\" alt=\"ulker\" \/><\/a><\/p>\n<p>Founded in 1944, \u00dclker operates as one of the leading companies in the food sector which has always been sensitive to the society&#8217;s social development and sustainability works in Turkey. With its corporate purpose \u201cmaking people happy and being happy while doing our job\u201d that \u00dclker place sustainability in the center of its business operations and strive to leave a happy world to future generations. The principles of sustainability in 2024 targets are environment, value chain, innovation, employees, social responsibility and leadership titles. Within the context of this vision \u00dclker was in the 29 companies in BIST Sustainability Index 2015.<\/p>\n<\/div>\n<\/div>\n<\/td>\n<\/tr>\n<\/tbody>\n<\/table>\n<p>&nbsp;<\/p>\n<table class=\"table\">\n<tbody>\n<tr style=\"background-color: #f3f3f3;\">\n<td style=\"vertical-align: middle;\">\n<h2 style=\"margin-top: 15px;\">Communication Sponsor<\/h2>\n<\/td>\n<td style=\"vertical-align: middle;\" align=\"right\" valign=\"middle\"><\/td>\n<\/tr>\n<tr>\n<td colspan=\"2\">\n<div class=\"row\">\n<div class=\"col-md-12\">\n<p align=\"center\"><a href=\"http:\/\/www.vodafone.com.tr\" target=\"_blank\"><img src=\"https:\/\/events.sustainablebrands.com\/conferences\/sb17istanbul\/wp-content\/uploads\/2017\/04\/vodafone-logo-spon.jpg\" alt=\"vodafone\" \/><\/a><\/p>\n<p>Gelirler bak\u0131m\u0131ndan d\u00fcnyan\u0131n en b\u00fcy\u00fck uluslararas\u0131 mobil ileti\u015fim \u015firketlerinden biri olan Vodafone Grubu\u2019nun b\u00fcnyesinde yer alan Vodafone T\u00fcrkiye, Bilgi Teknolojileri ve \u0130leti\u015fim Kurumu\u2019nun abone tan\u0131m\u0131na g\u00f6re, hizmet sundu\u011fu 20,9 milyon abonesiyle T\u00fcrkiye\u2019nin ikinci b\u00fcy\u00fck mobil ileti\u015fim \u015firketi konumunda bulunuyor. T\u00fcrkiye\u2019nin ikinci en b\u00fcy\u00fck uluslararas\u0131 do\u011frudan yat\u0131r\u0131m\u0131 olan Vodafone T\u00fcrkiye\u2019nin 2006 y\u0131l\u0131ndan bu yana toplam yat\u0131r\u0131mlar\u0131 sat\u0131n alma bedeli ve 3G lisans bedeli dahil 13 milyar TL\u2019yi a\u015ft\u0131. 2010\u2019da Borusan Telekom\u2019u b\u00fcnyesine katan Vodafone T\u00fcrkiye, 2011\u2019de de T\u00fcrkiye\u2019nin en b\u00fcy\u00fck alternatif telekom operat\u00f6rlerinden Ko\u00e7.net\u2019i b\u00fcnyesine d\u00e2hil etti. Abonelerine mobil ses, sabit ses, mobil internet, ADSL ve fiber hizmetleriyle \u201ckomple ileti\u015fim \u00e7a\u011f\u0131\u201dn\u0131 ya\u015fatan Vodafone T\u00fcrkiye, yakla\u015f\u0131k 3.300\u2019\u00fc a\u015fk\u0131n \u00e7al\u0131\u015fan kadrosu, 1.200\u2019\u00fc a\u015fk\u0131n perakende ma\u011fazas\u0131, ekosisteminde bulunan 47.000 ki\u015filik payda\u015f ailesiyle faaliyet g\u00f6steriyor.<\/p>\n<\/div>\n<\/div>\n<\/td>\n<\/tr>\n<\/tbody>\n<\/table>\n<p>&nbsp;<\/p>\n<table class=\"table\">\n<tbody>\n<tr style=\"background-color: #f3f3f3;\">\n<td style=\"vertical-align: middle;\">\n<h2 style=\"margin-top: 15px;\">Silver Sponsors<\/h2>\n<\/td>\n<td style=\"vertical-align: middle;\" align=\"right\" valign=\"middle\"><\/td>\n<\/tr>\n<tr>\n<td colspan=\"2\">\n<div class=\"row\">\n<div class=\"col-md-6\">\n<p align=\"center\"><a href=\"https:\/\/www.loreal.com.tr\/\" target=\"_blank\"><img src=\"https:\/\/events.sustainablebrands.com\/conferences\/sb17istanbul\/wp-content\/uploads\/2017\/03\/loreal-sponsor.png\" alt=\"loreal\" \/><\/a><\/p>\n<p>Over a hundred years L\u2019Or\u00e9al has devoted itself to only one are: Beauty. L\u2019Or\u00e9al\u2019s new sustainability commitment for \u201cSharing Beauty With All\u201d sets out ambitious sustainable development objectives across the Group\u2019s value chain in 2013. Program explore groups\u2019 2020 objectives, commitments and concrete achievements under developing sustainable , innovating sustainable, producing sustainable and living sustainable topics. L\u2019Or\u00e9al is operating in Turkey since 1980\u2019s. With 22 brands and 1 plant the group is investing also in local brands. L\u2019Or\u00e9al Turkey is providing beauty for all with its powerful ethical principles and core values like passion, innovation, Entrepreneurial spirit, quest for excellence and responsibility.<\/p>\n<\/div>\n<div class=\"col-md-6\">\n<p align=\"center\"><a href=\"http:\/\/www.schneider-electric.com.tr\" target=\"_blank\"><img src=\"https:\/\/events.sustainablebrands.com\/conferences\/sb17istanbul\/wp-content\/uploads\/2017\/03\/schneider-sponsor.png\" alt=\"schneider electric\" \/><\/a><\/p>\n<p>Schneider Electric is the global specialist in energy management and automation. With revenues of ~\u20ac25 billion in FY2016, our 144,000 employees serve customers in over 100 countries, helping them to manage their energy and process in ways that are safe, reliable, efficient and sustainable. From the simplest of switches to complex operational systems, our technology, software and services improve the way our customers manage and automate their operations. Our connected technologies reshape industries, transform cities and enrich lives. At Schneider Electric, we call this Life Is On.<\/p>\n<\/div>\n<\/div>\n<\/td>\n<\/tr>\n<\/tbody>\n<\/table>\n<p>&nbsp;<\/p>\n<table class=\"table\">\n<tbody>\n<tr style=\"background-color: #f3f3f3;\">\n<td style=\"vertical-align: middle;\">\n<h2 style=\"margin-top: 15px;\">Bronze Sponsors<\/h2>\n<\/td>\n<td style=\"vertical-align: middle;\" align=\"right\" valign=\"middle\"><\/td>\n<\/tr>\n<tr>\n<td colspan=\"2\">\n<div class=\"row\">\n<div class=\"col-md-6\">\n<p align=\"center\"><a href=\"https:\/\/www.tofas.com.tr\/\" target=\"_blank\"><img src=\"https:\/\/events.sustainablebrands.com\/conferences\/sb17istanbul\/wp-content\/uploads\/2017\/03\/tofas-sponsor.png\" alt=\"Tofas\" \/><\/a><\/p>\n<p>Founded in 1968 and started production in 1971,\u00a0Tofa\u015f\u00a0is the only automotive manufacturer in Turkey that produces both passenger cars and light commercial vehicles. Tofa\u015f is a joint venture of Ko\u00e7 Holding and Fiat Chrysler Automobiles (FCA). With an annual production capacity of 450 thousand vehicles and over 10,000 employees, Tofa\u015f is Turkey\u2019s fifth biggest industrial establishment. Besides being one of Fiat-Chrysler Automobile (FCA)\u2019s three strategic global production centers in the world, Tofa\u015f is also FCA\u2019s second biggest European-based R&amp;D center.<\/p>\n<\/div>\n<div class=\"col-md-6\">\n<p align=\"center\"><a href=\"http:\/\/www.philips.com.tr\" target=\"_blank\"><img src=\"https:\/\/events.sustainablebrands.com\/conferences\/sb17istanbul\/wp-content\/uploads\/2017\/03\/philips-sponsor.png\" alt=\"Philips\" \/><\/a><\/p>\n<p>Philips Lighting (Euronext Amsterdam ticker: LIGHT), a global leader in lighting products, systems and services, delivers innovations that unlock business value, providing rich user experiences that help improve lives. Serving professional and consumer markets, we lead the industry in leveraging the Internet of Things to transform homes, buildings and urban spaces. With 2016 sales of EUR 7.1 billion, we have approximately 34,000 employees in over 70 countries.<\/p>\n<p>&nbsp;<\/p>\n<p>&nbsp;<\/p>\n<p>&nbsp;<\/p>\n<\/div>\n<div class=\"col-md-6\">\n<p align=\"center\"><a href=\"http:\/\/www.panasonic.com.tr\" target=\"_blank\"><img src=\"https:\/\/events.sustainablebrands.com\/conferences\/sb17istanbul\/wp-content\/uploads\/2017\/03\/panasonic-sponsor.png\" alt=\"Panasonic\" \/><\/a><\/p>\n<p>For the sake of a sustainable, bright future, new-generation technologies and products\u2026 In its industrial facilities set up on an area of 56,000 sqm in Sancaktepe-Istanbul, renown as the biggest of its class in the Turkish market, VIKO by Panasonic creates solutions for transmitting, utilizing and readily offering electric energy. TheVIKO brand dates back to 1966, and has been operating since March 2014 as a division of Eco Solutions, one of the four major subsidiaries of Panasonic Corporation, the world\u2019s technology giant.<\/p>\n<\/div>\n<div class=\"col-md-6\">\n<p align=\"center\"><a href=\"https:\/\/www.prefabrikyapi.com\/\" target=\"_blank\"><img src=\"https:\/\/events.sustainablebrands.com\/conferences\/sb17istanbul\/wp-content\/uploads\/2017\/03\/prefabrik-sponsor.png\" alt=\"Prefabrik Yapi\" \/><\/a><\/p>\n<p>Prefabrik Yap\u0131, a leader company in light-steel construction business in Turkey ,founded in Istanbul in 1989, has producing prefabricated buildings, containers and steel construction structures in Turkey, which are of high quality production standards in Turkey and in the World. Prefabrik Yap\u0131 which is the main company of Hekim Holding has produced all raw materials which are used in manufacture of prefabricated buildings. Prefabrik Yap\u0131 has used special-designed, seamless structure technology that has been considered as an important technological development, and also the fibercement plates which have been produced firstly by Prefabrik Yap\u0131 in Turkey.<\/p>\n<\/div>\n<div class=\"col-md-6\">\n<p align=\"center\"><a href=\"https:\/\/www.pinar.com.tr\/\" target=\"_blank\"><img src=\"https:\/\/events.sustainablebrands.com\/conferences\/sb17istanbul\/wp-content\/uploads\/2017\/04\/pinar.jpg\" alt=\"Prefabrik Yapi\" \/><\/a><\/p>\n<p>Since its establishment in 1973, P\u0131nar has been the quality choice of consumers and a leader in the food sector. P\u0131nar provides different consumer needs in dairy, meat and drinking water product ranges. P\u0131nar closely follows global trends and maintains its leadership in numerous product ranges. P\u0131nar has broke grounds to Turkey in the food sector.<\/p>\n<\/div>\n<\/div>\n<\/td>\n<\/tr>\n<\/tbody>\n<\/table>\n<p><img loading=\"lazy\" class=\"aligncenter size-full wp-image-1214\" src=\"https:\/\/events.sustainablebrands.com\/conferences\/sb17istanbul\/wp-content\/uploads\/2017\/02\/en-spon-detail1.png\" alt=\"\" width=\"1472\" height=\"1800\" srcset=\"https:\/\/events.sustainablebrands.com\/conferences\/sb17istanbul\/wp-content\/uploads\/2017\/02\/en-spon-detail1.png 1472w, https:\/\/events.sustainablebrands.com\/conferences\/sb17istanbul\/wp-content\/uploads\/2017\/02\/en-spon-detail1-245x300.png 245w, https:\/\/events.sustainablebrands.com\/conferences\/sb17istanbul\/wp-content\/uploads\/2017\/02\/en-spon-detail1-768x939.png 768w, https:\/\/events.sustainablebrands.com\/conferences\/sb17istanbul\/wp-content\/uploads\/2017\/02\/en-spon-detail1-837x1024.png 837w, https:\/\/events.sustainablebrands.com\/conferences\/sb17istanbul\/wp-content\/uploads\/2017\/02\/en-spon-detail1-173x212.png 173w, https:\/\/events.sustainablebrands.com\/conferences\/sb17istanbul\/wp-content\/uploads\/2017\/02\/en-spon-detail1-200x245.png 200w, https:\/\/events.sustainablebrands.com\/conferences\/sb17istanbul\/wp-content\/uploads\/2017\/02\/en-spon-detail1-193x236.png 193w, https:\/\/events.sustainablebrands.com\/conferences\/sb17istanbul\/wp-content\/uploads\/2017\/02\/en-spon-detail1-154x188.png 154w, https:\/\/events.sustainablebrands.com\/conferences\/sb17istanbul\/wp-content\/uploads\/2017\/02\/en-spon-detail1-350x428.png 350w, https:\/\/events.sustainablebrands.com\/conferences\/sb17istanbul\/wp-content\/uploads\/2017\/02\/en-spon-detail1-318x389.png 318w\" sizes=\"(max-width: 1472px) 100vw, 1472px\" \/><\/p>\n","protected":false},"excerpt":{"rendered":"<p>Platinium Sponsors At BASF, we create chemistry for a sustainable future. We combine economic success with environmental protection and social responsibility. Through science and innovation we enable our customers in nearly every industry to meet the current and future needs of society. Unilever, which has created added value spanning over 100 years and is found [&hellip;]<\/p>\n","protected":false},"author":1,"featured_media":0,"parent":0,"menu_order":0,"comment_status":"closed","ping_status":"closed","template":"","meta":[],"_links":{"self":[{"href":"https:\/\/events.sustainablebrands.com\/conferences\/sb17istanbul\/wp-json\/wp\/v2\/pages\/347"}],"collection":[{"href":"https:\/\/events.sustainablebrands.com\/conferences\/sb17istanbul\/wp-json\/wp\/v2\/pages"}],"about":[{"href":"https:\/\/events.sustainablebrands.com\/conferences\/sb17istanbul\/wp-json\/wp\/v2\/types\/page"}],"author":[{"embeddable":true,"href":"https:\/\/events.sustainablebrands.com\/conferences\/sb17istanbul\/wp-json\/wp\/v2\/users\/1"}],"replies":[{"embeddable":true,"href":"https:\/\/events.sustainablebrands.com\/conferences\/sb17istanbul\/wp-json\/wp\/v2\/comments?post=347"}],"version-history":[{"count":3,"href":"https:\/\/events.sustainablebrands.com\/conferences\/sb17istanbul\/wp-json\/wp\/v2\/pages\/347\/revisions"}],"predecessor-version":[{"id":1220,"href":"https:\/\/events.sustainablebrands.com\/conferences\/sb17istanbul\/wp-json\/wp\/v2\/pages\/347\/revisions\/1220"}],"wp:attachment":[{"href":"https:\/\/events.sustainablebrands.com\/conferences\/sb17istanbul\/wp-json\/wp\/v2\/media?parent=347"}],"curies":[{"name":"wp","href":"https:\/\/api.w.org\/{rel}","templated":true}]}}