{"id":345,"date":"2017-02-08T20:33:06","date_gmt":"2017-02-08T20:33:06","guid":{"rendered":"https:\/\/events.sustainablebrands.com\/conferences\/sb17istanbul\/?page_id=345"},"modified":"2017-04-15T07:40:14","modified_gmt":"2017-04-15T07:40:14","slug":"sponsorlar","status":"publish","type":"page","link":"https:\/\/events.sustainablebrands.com\/conferences\/sb17istanbul\/tr\/sponsorlar\/","title":{"rendered":"Sponsorlar"},"content":{"rendered":"<p>Sustainable Brands\u201917 Istanbul, konferans\u0131n ger\u00e7ekle\u015fmesine katk\u0131da bulunan t\u00fcm \u00e7\u00f6z\u00fcm ortaklar\u0131na te\u015fekk\u00fcr eder!<\/p>\n<table class=\"table\">\n<tbody>\n<tr style=\"background-color: #f3f3f3;\">\n<td style=\"vertical-align: middle;\">\n<h2 style=\"margin-top: 15px;\">Platin Sponsorlar<\/h2>\n<\/td>\n<td style=\"vertical-align: middle;\" align=\"right\" valign=\"middle\"><\/td>\n<\/tr>\n<tr>\n<td colspan=\"2\">\n<div class=\"row\">\n<div class=\"col-md-6\">\n<p align=\"center\"><a href=\"http:\/\/www.basf.com.tr\/\" target=\"_blank\"><img src=\"https:\/\/events.sustainablebrands.com\/conferences\/sb17istanbul\/wp-content\/uploads\/2017\/02\/basf.png\" alt=\"basf\" \/><\/a><\/p>\n<p>BASF\u2019de biz, s\u00fcrd\u00fcr\u00fclebilir bir gelecek i\u00e7in kimya yarat\u0131yoruz.S\u00fcrd\u00fcr\u00fclebilirlik kavram\u0131n\u0131 ekonomik, \u00e7evresel ve sosyal sorumluluk kapsam\u0131nda ele al\u0131yoruz. Bilim ve inovasyon arac\u0131l\u0131\u011f\u0131yla, hemen hemen her sekt\u00f6rdeki m\u00fc\u015fterilerimizin, toplumun bug\u00fcn ve gelecekteki ihtiya\u00e7lar\u0131n\u0131 kar\u015f\u0131lamas\u0131na yard\u0131mc\u0131 oluyoruz.<\/p>\n<\/div>\n<div class=\"col-md-6\">\n<p align=\"center\"><a href=\"http:\/\/www.unilever.com.tr\/\" target=\"_blank\"><img src=\"https:\/\/events.sustainablebrands.com\/conferences\/sb17istanbul\/wp-content\/uploads\/2017\/02\/unilever.jpg\" alt=\"unilever\" \/><\/a><\/p>\n<p>100 y\u0131l\u0131 a\u015fk\u0131n s\u00fcredir T\u00fcrkiye i\u00e7in katma de\u011fer yaratan, 30\u2019a yak\u0131n markas\u0131yla T\u00fcrkiye\u2019de her 10 evden 9\u2019unda \u00fcr\u00fcnleriyle yer alan Unilever, s\u00fcrd\u00fcr\u00fclebilirli\u011fi i\u015finin merkezine yerle\u015ftiriyor. 2010 y\u0131l\u0131nda s\u00fcrd\u00fcr\u00fclebilir ya\u015fam\u0131 ola\u011fan hale getirmek amac\u0131yla uygulamaya koydu\u011fu \u201cUnilever S\u00fcrd\u00fcr\u00fclebilir Ya\u015fam Plan\u0131\u201d, Unilever\u2019in i\u015fini b\u00fcy\u00fct\u00fcrken, \u00e7evresel ayak izini azaltmay\u0131 ve pozitif sosyal etkisini art\u0131rmay\u0131 hedefliyor. Unilever sosyal ve \u00e7evresel bir amaca hizmet eden markalar\u0131n\u0131, \u201cs\u00fcrd\u00fcr\u00fclebilir ya\u015fam\u0131 destekleyen, de\u011fer yaratan markalar\u201d olarak adland\u0131r\u0131yor ve herkes i\u00e7in daha parlak bir gelecek hedefiyle \u00e7al\u0131\u015f\u0131yor.<\/p>\n<\/div>\n<\/div>\n<\/td>\n<\/tr>\n<\/tbody>\n<\/table>\n<p>&nbsp;<\/p>\n<table class=\"table\">\n<tbody>\n<tr style=\"background-color: #f3f3f3;\">\n<td style=\"vertical-align: middle;\">\n<h2 style=\"margin-top: 15px;\">Alt\u0131n Sponsor<\/h2>\n<\/td>\n<td style=\"vertical-align: middle;\" align=\"right\" valign=\"middle\"><\/td>\n<\/tr>\n<tr>\n<td colspan=\"2\">\n<div class=\"row\">\n<div class=\"col-md-12\">\n<p align=\"center\"><a href=\"http:\/\/www.ulker.com.tr\/tr\" target=\"_blank\"><img src=\"https:\/\/events.sustainablebrands.com\/conferences\/sb17istanbul\/wp-content\/uploads\/2017\/03\/ulker_sponsor.png\" alt=\"ulker\" \/><\/a><\/p>\n<p>1944 y\u0131l\u0131nda temelleri at\u0131lan ve g\u0131da sekt\u00f6r\u00fcn\u00fcn \u00f6nde gelen kurulu\u015flar\u0131ndan biri olarak faaliyet g\u00f6steren \u00dclker, T\u00fcrkiye\u2019nin, toplumun sosyal geli\u015fimine ve s\u00fcrd\u00fcr\u00fclebilirlik \u00e7al\u0131\u015fmalar\u0131na her zaman duyarl\u0131 oldu. \u0130\u015fini yaparken mutlu etmeyi ve mutlu olmay\u0131 \u00f6nemseyen \u00dclker, s\u00fcrd\u00fcr\u00fclebilirlik yakla\u015f\u0131m\u0131n\u0131 i\u015f yap\u0131\u015f \u015feklinin merkezine yerle\u015ftirerek yeni nesillere mutlu ya\u015fayabilecekleri bir d\u00fcnya b\u0131rakmak i\u00e7in \u00e7al\u0131\u015f\u0131yor. S\u00fcrd\u00fcr\u00fclebilirlik ilkelerini ve 2024 hedeflerini 2015 y\u0131l\u0131nda a\u00e7\u0131klayan \u00dclker, \u00e7al\u0131\u015fmalar\u0131n\u0131 \u00e7evre, de\u011fer zinciri, inovasyon, \u00e7al\u0131\u015fanlar, toplumsal sorumluluk ve liderlik ana ba\u015fl\u0131klar\u0131nda y\u00fcr\u00fctmeye ba\u015flad\u0131. S\u00fcrd\u00fcr\u00fclebilirlik \u00e7al\u0131\u015fmalar\u0131 neticesinde, BIST (Borsa \u0130stanbul) S\u00fcrd\u00fcr\u00fclebilirlik Endeksi\u2019nin 29 \u015firketi aras\u0131na girdi.<\/p>\n<\/div>\n<\/div>\n<\/td>\n<\/tr>\n<\/tbody>\n<\/table>\n<p>&nbsp;<\/p>\n<table class=\"table\">\n<tbody>\n<tr style=\"background-color: #f3f3f3;\">\n<td style=\"vertical-align: middle;\">\n<h2 style=\"margin-top: 15px;\">\u0130leti\u015fim Sponsoru<\/h2>\n<\/td>\n<td style=\"vertical-align: middle;\" align=\"right\" valign=\"middle\"><\/td>\n<\/tr>\n<tr>\n<td colspan=\"2\">\n<div class=\"row\">\n<div class=\"col-md-12\">\n<p align=\"center\"><a href=\"http:\/\/www.vodafone.com.tr\" target=\"_blank\"><img src=\"https:\/\/events.sustainablebrands.com\/conferences\/sb17istanbul\/wp-content\/uploads\/2017\/04\/vodafone-logo-spon.jpg\" alt=\"vodafone\" \/><\/a><\/p>\n<p>Gelirler bak\u0131m\u0131ndan d\u00fcnyan\u0131n en b\u00fcy\u00fck uluslararas\u0131 mobil ileti\u015fim \u015firketlerinden biri olan Vodafone Grubu\u2019nun b\u00fcnyesinde yer alan Vodafone T\u00fcrkiye, Bilgi Teknolojileri ve \u0130leti\u015fim Kurumu\u2019nun abone tan\u0131m\u0131na g\u00f6re, hizmet sundu\u011fu 20,9 milyon abonesiyle T\u00fcrkiye\u2019nin ikinci b\u00fcy\u00fck mobil ileti\u015fim \u015firketi konumunda bulunuyor. T\u00fcrkiye\u2019nin ikinci en b\u00fcy\u00fck uluslararas\u0131 do\u011frudan yat\u0131r\u0131m\u0131 olan Vodafone T\u00fcrkiye\u2019nin 2006 y\u0131l\u0131ndan bu yana toplam yat\u0131r\u0131mlar\u0131 sat\u0131n alma bedeli ve 3G lisans bedeli dahil 13 milyar TL\u2019yi a\u015ft\u0131. 2010\u2019da Borusan Telekom\u2019u b\u00fcnyesine katan Vodafone T\u00fcrkiye, 2011\u2019de de T\u00fcrkiye\u2019nin en b\u00fcy\u00fck alternatif telekom operat\u00f6rlerinden Ko\u00e7.net\u2019i b\u00fcnyesine d\u00e2hil etti. Abonelerine mobil ses, sabit ses, mobil internet, ADSL ve fiber hizmetleriyle \u201ckomple ileti\u015fim \u00e7a\u011f\u0131\u201dn\u0131 ya\u015fatan Vodafone T\u00fcrkiye, yakla\u015f\u0131k 3.300\u2019\u00fc a\u015fk\u0131n \u00e7al\u0131\u015fan kadrosu, 1.200\u2019\u00fc a\u015fk\u0131n perakende ma\u011fazas\u0131, ekosisteminde bulunan 47.000 ki\u015filik payda\u015f ailesiyle faaliyet g\u00f6steriyor.<\/p>\n<\/div>\n<\/div>\n<\/td>\n<\/tr>\n<\/tbody>\n<\/table>\n<p>&nbsp;<\/p>\n<table class=\"table\">\n<tbody>\n<tr style=\"background-color: #f3f3f3;\">\n<td style=\"vertical-align: middle;\">\n<h2 style=\"margin-top: 15px;\">G\u00fcm\u00fc\u015f Sponsorlar<\/h2>\n<\/td>\n<td style=\"vertical-align: middle;\" align=\"right\" valign=\"middle\"><\/td>\n<\/tr>\n<tr>\n<td colspan=\"2\">\n<div class=\"row\">\n<div class=\"col-md-6\">\n<p align=\"center\"><a href=\"https:\/\/www.loreal.com.tr\/\" target=\"_blank\"><img src=\"https:\/\/events.sustainablebrands.com\/conferences\/sb17istanbul\/wp-content\/uploads\/2017\/03\/loreal-sponsor.png\" alt=\"loreal\" \/><\/a><\/p>\n<p>100 y\u0131l\u0131 a\u015f\u0131n s\u00fcredir sekt\u00f6re hizmet veren kozmetik devi L\u2019Or\u00e9al kendini tek bir alana adam\u0131\u015ft\u0131r: G\u00fczellik L\u2019Or\u00e9al 2013 y\u0131l\u0131nda yay\u0131nlad\u0131\u011f\u0131 \u201cG\u00fczelli\u011fi Herkesle Payla\u015fmak\u201d isimli s\u00fcrd\u00fcr\u00fclebilirlik program\u0131yla t\u00fcm grup \u00fczerinde etkili olan y\u00fcksek beklentili s\u00fcrd\u00fcr\u00fclebilir geli\u015fim hedeflerini belirlemi\u015ftir. Program L\u2019Or\u00e9al\u2019in 2020 i\u00e7in planlad\u0131\u011f\u0131 s\u00fcrd\u00fcr\u00fclebilirlik taahh\u00fctlerini kurumun de\u011fer zinciriyle birle\u015ftirerek s\u00fcrd\u00fcr\u00fclebilir Yenilik, S\u00fcrd\u00fcr\u00fclebilir \u00dcretim, S\u00fcrd\u00fcr\u00fclebilir Ya\u015fam ve S\u00fcrd\u00fcr\u00fclebilir Geli\u015fim isimli d\u00f6rt ba\u015fl\u0131k alt\u0131nda detayland\u0131rm\u0131\u015ft\u0131r.30 senedir T\u00fcrkiye\u2019de hizmet veren L&#8217;Or\u00e9al T\u00fcrkiye&#8217;de bulunan 22 markas\u0131 ve 1 fabrikas\u0131yla yerel markalara da yat\u0131r\u0131m yaparak sekt\u00f6re ve ekonomiye daha fazla de\u011fer katmaktad\u0131r.<\/p>\n<\/div>\n<div class=\"col-md-6\">\n<p align=\"center\"><a href=\"http:\/\/www.schneider-electric.com.tr\" target=\"_blank\"><img src=\"https:\/\/events.sustainablebrands.com\/conferences\/sb17istanbul\/wp-content\/uploads\/2017\/03\/schneider-sponsor.png\" alt=\"schneider electric\" \/><\/a><\/p>\n<p>Enerji y\u00f6netimi ve otomasyon alan\u0131nda global uzman olan Schneider Electric, 100\u2019den fazla \u00fclkede 144.000 \u00e7al\u0131\u015fan\u0131yla enerjinin g\u00fcvenli, g\u00fcvenilir, verimli, \u00fcretken ve \u00e7evreci bir \u015fekilde y\u00f6netilmesini sa\u011flamaktad\u0131r. Bu ama\u00e7la, en basit anahtar prizden en karma\u015f\u0131k otomasyon sistemlerine kadar \u00e7\u00f6z\u00fcm ve yaz\u0131l\u0131m hizmetleri sunan \u015firket, m\u00fc\u015fterileri i\u00e7in enerjiyi daha verimli kullanma y\u00f6ntemleri geli\u015ftirmektedir. 2015 y\u0131l\u0131nda 25 milyar Euro tutar\u0131nda gelir elde eden Schneider Electric, geli\u015ftirdi\u011fi teknolojilerle end\u00fcstrilere y\u00f6n vermekte,\u00a0 \u015fehirleri ak\u0131ll\u0131 hale d\u00f6n\u00fc\u015ft\u00fcrerek bireylerin ve kurumlar\u0131n hayat\u0131na de\u011fer katmaktad\u0131r.\u00a0 Schneider Electric\u2019te buna \u2018Life is on\u2019 denir.<\/p>\n<\/div>\n<\/div>\n<\/td>\n<\/tr>\n<\/tbody>\n<\/table>\n<p>&nbsp;<\/p>\n<table class=\"table\">\n<tbody>\n<tr style=\"background-color: #f3f3f3;\">\n<td style=\"vertical-align: middle;\">\n<h2 style=\"margin-top: 15px;\">Bronz Sponsorlar<\/h2>\n<\/td>\n<td style=\"vertical-align: middle;\" align=\"right\" valign=\"middle\"><\/td>\n<\/tr>\n<tr>\n<td colspan=\"2\">\n<div class=\"row\">\n<div class=\"col-md-6\">\n<p align=\"center\"><a href=\"https:\/\/www.tofas.com.tr\/\" target=\"_blank\"><img src=\"https:\/\/events.sustainablebrands.com\/conferences\/sb17istanbul\/wp-content\/uploads\/2017\/03\/tofas-sponsor.png\" alt=\"Tofas\" \/><\/a><\/p>\n<p>1968 y\u0131l\u0131nda kurulan ve 1971 y\u0131l\u0131nda \u00fcretime ba\u015flayan\u00a0Tofa\u015f, T\u00fcrkiye\u2019nin hem binek otomobil hem de hafif ticari ara\u00e7 \u00fcreten tek otomotiv \u015firketidir. Ko\u00e7 Holding ve Fiat Chrysler Automobiles (FCA) ortakl\u0131\u011f\u0131ndaki Tofa\u015f, y\u0131lda 450 bin ara\u00e7l\u0131k \u00fcretim kapasitesi ve 10.000\u2019i a\u015fk\u0131n \u00e7al\u0131\u015fan\u0131 ile T\u00fcrkiye\u2019nin be\u015finci b\u00fcy\u00fck sanayi kurulu\u015fudur. Fiat Chrysler Automobiles\u2019\u0131n (FCA) d\u00fcnyadaki \u00fc\u00e7 stratejik \u00fcretim merkezinden biri olan Tofa\u015f, ayn\u0131 zamanda grubun Avrupa\u2019daki ikinci b\u00fcy\u00fck Ar-Ge merkezi konumundad\u0131r.<\/p>\n<\/div>\n<div class=\"col-md-6\">\n<p align=\"center\"><a href=\"http:\/\/www.philips.com.tr\" target=\"_blank\"><img src=\"https:\/\/events.sustainablebrands.com\/conferences\/sb17istanbul\/wp-content\/uploads\/2017\/03\/philips-sponsor.png\" alt=\"Philips\" \/><\/a><\/p>\n<p>Ayd\u0131nlatma \u00fcr\u00fcnleri, sistemleri ve hizmetlerinde d\u00fcnya lideri Philips Ayd\u0131nlatma (Euronext Amsterdam: LIGHT), i\u015f d\u00fcnyas\u0131na katma de\u011fer yaratan, zengin kullan\u0131c\u0131 deneyimi sunan ve ya\u015fam kalitesini art\u0131ran inovasyonlar\u0131 hayata ge\u00e7irmektedir. Kurumlara ve t\u00fcketicilere y\u00f6nelik hizmetleriyle \u015firket, evleri, binalar\u0131 ve kentsel alanlar\u0131 d\u00f6n\u00fc\u015ft\u00fcren Nesnelerin \u0130nterneti teknolojileriyle ayd\u0131nlatma sekt\u00f6r\u00fcne y\u00f6n vermektedir. 2016 y\u0131l\u0131nda 7,1 milyar Euro de\u011ferinde sat\u0131\u015f geliri eden Philips Ayd\u0131nlatma, d\u00fcnya genelinde 70\u2019i a\u015fk\u0131n \u00fclkede 36.000 ki\u015fiyi istihdam etmektedir.<\/p>\n<\/div>\n<div class=\"col-md-6\">\n<p align=\"center\"><a href=\"http:\/\/www.panasonic.com.tr\" target=\"_blank\"><img src=\"https:\/\/events.sustainablebrands.com\/conferences\/sb17istanbul\/wp-content\/uploads\/2017\/03\/panasonic-sponsor.png\" alt=\"Panasonic\" \/><\/a><\/p>\n<p>S\u00fcrd\u00fcr\u00fclebilir, ayd\u0131nl\u0131k bir gelecek i\u00e7in, yeni nesil teknolojiler ve \u00fcr\u00fcnler\u2026 V\u0130KO by Panasonic, \u0130stanbul Sancaktepe\u2032de 56.000 metrekare kapal\u0131 alana sahip T\u00fcrkiye\u2032nin sekt\u00f6r\u00fcndeki en b\u00fcy\u00fc\u011f\u00fc olarak tan\u0131mlanan end\u00fcstriyel tesislerinde elektrik enerjisinin aktar\u0131lmas\u0131, kullan\u0131lmas\u0131 ve daha kolay sunumu amac\u0131yla \u00e7\u00f6z\u00fcmler \u00fcretmektedir. V\u0130KO markas\u0131n\u0131n do\u011fu\u015fu 1966 y\u0131l\u0131na dayanmakta olup, 2014 y\u0131l\u0131 Mart ay\u0131ndan itibaren D\u00fcnya Teknoloji Devi Panasonic Corporation\u2032un d\u00f6rt grup \u015firketinden birisi olan Eco Solutions\u2032a ba\u011fl\u0131 olarak faaliyetlerini y\u00fcr\u00fctmektedir.<\/p>\n<\/div>\n<div class=\"col-md-6\">\n<p align=\"center\"><a href=\"https:\/\/www.prefabrikyapi.com\/\" target=\"_blank\"><img src=\"https:\/\/events.sustainablebrands.com\/conferences\/sb17istanbul\/wp-content\/uploads\/2017\/03\/prefabrik-sponsor.png\" alt=\"Prefabrik Yapi\" \/><\/a><\/p>\n<p>Haz\u0131r yap\u0131 sekt\u00f6r\u00fcne kazand\u0131rd\u0131\u011f\u0131 ilkleri ile sekt\u00f6r\u00fcn \u00f6nc\u00fcl\u00fc\u011f\u00fcn\u00fc \u00fcstlenen, T\u00fcrkiye\u2019de ve 100\u2019\u00fc a\u015fk\u0131n \u00fclkede faaliyetlerini devam ettiren Prefabrik Yap\u0131 A.\u015e., \u2018s\u00fcrd\u00fcr\u00fclebilirlik\u2019 merkezinde \u00e7al\u0131\u015fmalar\u0131na h\u0131zla devam etmektedir. \u0130novasyon \u00e7a\u011f\u0131nda AR-GE &amp; \u00dcR-GE faaliyetlerine b\u00fcy\u00fck \u00f6nem veren Prefabrik Yap\u0131 A.\u015e.\u2019nin temel ilkeleri aras\u0131nda; s\u00fcrd\u00fcr\u00fclebilirlik ve teknolojik yenilik yer almaktad\u0131r. S\u0131f\u0131r karbon sal\u0131n\u0131ml\u0131 mod\u00fcller ve kendi enerjisini \u00fcretebilen do\u011fa dostu ekolojik yap\u0131lar sekt\u00f6re kazand\u0131rd\u0131\u011f\u0131 yenilikler aras\u0131nda \u00f6n plana \u00e7\u0131kmaktad\u0131r. Gelecek nesillere ya\u015fan\u0131labilir alanlar sunarak; s\u00fcrd\u00fcr\u00fclebilir bir ya\u015fam, s\u00fcrd\u00fcr\u00fclebilir yap\u0131lar diyoruz.<\/p>\n<\/div>\n<div class=\"col-md-6\">\n<p align=\"center\"><a href=\"https:\/\/www.pinar.com.tr\/\" target=\"_blank\"><img src=\"https:\/\/events.sustainablebrands.com\/conferences\/sb17istanbul\/wp-content\/uploads\/2017\/04\/pinar.jpg\" alt=\"Pinar\" \/><\/a><\/p>\n<p>Kuruldu\u011fu y\u0131l olan 1973 tarihinden bu yana t\u00fcketicilerinin kaliteli tercihi olan ve g\u0131da sekt\u00f6r\u00fcnde liderli\u011fini s\u00fcrd\u00fcren PINAR, s\u00fct, et, su \u00fcr\u00fcn gam\u0131nda farkl\u0131 t\u00fcketici ihtiya\u00e7lar\u0131n\u0131 kar\u015f\u0131layan \u00fcr\u00fcnlerle \u00e7ok geni\u015f \u00fcr\u00fcn yelpazesine sahip bir markad\u0131r. D\u00fcnya trendlerini yak\u0131ndan takip eden PINAR, bir\u00e7ok \u00fcr\u00fcn gam\u0131nda liderli\u011fini s\u00fcrd\u00fcrmektedir. PINAR g\u0131da sekt\u00f6r\u00fcnde T\u00fcrkiye\u2019yi ilklerle tan\u0131\u015ft\u0131rm\u0131\u015ft\u0131r.<\/p>\n<\/div>\n<\/div>\n<\/td>\n<\/tr>\n<\/tbody>\n<\/table>\n<p><img loading=\"lazy\" class=\"aligncenter size-full wp-image-1206\" src=\"https:\/\/events.sustainablebrands.com\/conferences\/sb17istanbul\/wp-content\/uploads\/2017\/02\/tr-spon-detay.png\" alt=\"\" width=\"1472\" height=\"1800\" srcset=\"https:\/\/events.sustainablebrands.com\/conferences\/sb17istanbul\/wp-content\/uploads\/2017\/02\/tr-spon-detay.png 1472w, https:\/\/events.sustainablebrands.com\/conferences\/sb17istanbul\/wp-content\/uploads\/2017\/02\/tr-spon-detay-245x300.png 245w, https:\/\/events.sustainablebrands.com\/conferences\/sb17istanbul\/wp-content\/uploads\/2017\/02\/tr-spon-detay-768x939.png 768w, https:\/\/events.sustainablebrands.com\/conferences\/sb17istanbul\/wp-content\/uploads\/2017\/02\/tr-spon-detay-837x1024.png 837w, https:\/\/events.sustainablebrands.com\/conferences\/sb17istanbul\/wp-content\/uploads\/2017\/02\/tr-spon-detay-173x212.png 173w, https:\/\/events.sustainablebrands.com\/conferences\/sb17istanbul\/wp-content\/uploads\/2017\/02\/tr-spon-detay-200x245.png 200w, https:\/\/events.sustainablebrands.com\/conferences\/sb17istanbul\/wp-content\/uploads\/2017\/02\/tr-spon-detay-193x236.png 193w, https:\/\/events.sustainablebrands.com\/conferences\/sb17istanbul\/wp-content\/uploads\/2017\/02\/tr-spon-detay-154x188.png 154w, https:\/\/events.sustainablebrands.com\/conferences\/sb17istanbul\/wp-content\/uploads\/2017\/02\/tr-spon-detay-350x428.png 350w, https:\/\/events.sustainablebrands.com\/conferences\/sb17istanbul\/wp-content\/uploads\/2017\/02\/tr-spon-detay-318x389.png 318w\" sizes=\"(max-width: 1472px) 100vw, 1472px\" \/><\/p>\n","protected":false},"excerpt":{"rendered":"<p>Sustainable Brands\u201917 Istanbul, konferans\u0131n ger\u00e7ekle\u015fmesine katk\u0131da bulunan t\u00fcm \u00e7\u00f6z\u00fcm ortaklar\u0131na te\u015fekk\u00fcr eder! Platin Sponsorlar BASF\u2019de biz, s\u00fcrd\u00fcr\u00fclebilir bir gelecek i\u00e7in kimya yarat\u0131yoruz.S\u00fcrd\u00fcr\u00fclebilirlik kavram\u0131n\u0131 ekonomik, \u00e7evresel ve sosyal sorumluluk kapsam\u0131nda ele al\u0131yoruz. Bilim ve inovasyon arac\u0131l\u0131\u011f\u0131yla, hemen hemen her sekt\u00f6rdeki m\u00fc\u015fterilerimizin, toplumun bug\u00fcn ve gelecekteki ihtiya\u00e7lar\u0131n\u0131 kar\u015f\u0131lamas\u0131na yard\u0131mc\u0131 oluyoruz. 100 y\u0131l\u0131 a\u015fk\u0131n s\u00fcredir T\u00fcrkiye i\u00e7in katma [&hellip;]<\/p>\n","protected":false},"author":1,"featured_media":0,"parent":0,"menu_order":0,"comment_status":"closed","ping_status":"closed","template":"","meta":[],"_links":{"self":[{"href":"https:\/\/events.sustainablebrands.com\/conferences\/sb17istanbul\/wp-json\/wp\/v2\/pages\/345"}],"collection":[{"href":"https:\/\/events.sustainablebrands.com\/conferences\/sb17istanbul\/wp-json\/wp\/v2\/pages"}],"about":[{"href":"https:\/\/events.sustainablebrands.com\/conferences\/sb17istanbul\/wp-json\/wp\/v2\/types\/page"}],"author":[{"embeddable":true,"href":"https:\/\/events.sustainablebrands.com\/conferences\/sb17istanbul\/wp-json\/wp\/v2\/users\/1"}],"replies":[{"embeddable":true,"href":"https:\/\/events.sustainablebrands.com\/conferences\/sb17istanbul\/wp-json\/wp\/v2\/comments?post=345"}],"version-history":[{"count":3,"href":"https:\/\/events.sustainablebrands.com\/conferences\/sb17istanbul\/wp-json\/wp\/v2\/pages\/345\/revisions"}],"predecessor-version":[{"id":1219,"href":"https:\/\/events.sustainablebrands.com\/conferences\/sb17istanbul\/wp-json\/wp\/v2\/pages\/345\/revisions\/1219"}],"wp:attachment":[{"href":"https:\/\/events.sustainablebrands.com\/conferences\/sb17istanbul\/wp-json\/wp\/v2\/media?parent=345"}],"curies":[{"name":"wp","href":"https:\/\/api.w.org\/{rel}","templated":true}]}}