{"id":339,"date":"2017-02-08T20:03:47","date_gmt":"2017-02-08T20:03:47","guid":{"rendered":"https:\/\/events.sustainablebrands.com\/conferences\/sb17istanbul\/?page_id=339"},"modified":"2017-04-14T08:32:39","modified_gmt":"2017-04-14T08:32:39","slug":"konusmacilar","status":"publish","type":"page","link":"https:\/\/events.sustainablebrands.com\/conferences\/sb17istanbul\/tr\/konusmacilar\/","title":{"rendered":"Konu\u015fmac\u0131lar"},"content":{"rendered":"<h2 class=\"blue\" style=\"color: #00b3e8;\">Marka D\u00fcnyas\u0131ndan bir milyondan fazla profesyonelin bulu\u015ftu\u011fu platform 5. kez \u0130stanbul&#8217;da!<\/h2>\n<h3 class=\"green\">De\u011fi\u015fen pazar dinamiklerinde, belirsizliklerin d\u00fcnyas\u0131nda markalar\u0131n ama\u00e7lar\u0131n\u0131 harekete ge\u00e7irmek i\u00e7in marka stratejilerinden, t\u00fcketici davran\u0131\u015flar\u0131na, inovasyondan dijital d\u00f6n\u00fc\u015f\u00fcme, ileti\u015fimden<br \/>\n\u0130\u015fbirliklerine t\u00fcm konular\u0131n ilham kayna\u011f\u0131 olan \u00f6nc\u00fc isimler bir araya geliyor.<\/h3>\n","protected":false},"excerpt":{"rendered":"<p>Marka D\u00fcnyas\u0131ndan bir milyondan fazla profesyonelin bulu\u015ftu\u011fu platform 5. kez \u0130stanbul&#8217;da! De\u011fi\u015fen pazar dinamiklerinde, belirsizliklerin d\u00fcnyas\u0131nda markalar\u0131n ama\u00e7lar\u0131n\u0131 harekete ge\u00e7irmek i\u00e7in marka stratejilerinden, t\u00fcketici davran\u0131\u015flar\u0131na, inovasyondan dijital d\u00f6n\u00fc\u015f\u00fcme, ileti\u015fimden \u0130\u015fbirliklerine t\u00fcm konular\u0131n ilham kayna\u011f\u0131 olan \u00f6nc\u00fc isimler bir araya geliyor.<\/p>\n","protected":false},"author":1,"featured_media":0,"parent":0,"menu_order":0,"comment_status":"closed","ping_status":"closed","template":"speakers.php","meta":[],"_links":{"self":[{"href":"https:\/\/events.sustainablebrands.com\/conferences\/sb17istanbul\/wp-json\/wp\/v2\/pages\/339"}],"collection":[{"href":"https:\/\/events.sustainablebrands.com\/conferences\/sb17istanbul\/wp-json\/wp\/v2\/pages"}],"about":[{"href":"https:\/\/events.sustainablebrands.com\/conferences\/sb17istanbul\/wp-json\/wp\/v2\/types\/page"}],"author":[{"embeddable":true,"href":"https:\/\/events.sustainablebrands.com\/conferences\/sb17istanbul\/wp-json\/wp\/v2\/users\/1"}],"replies":[{"embeddable":true,"href":"https:\/\/events.sustainablebrands.com\/conferences\/sb17istanbul\/wp-json\/wp\/v2\/comments?post=339"}],"version-history":[{"count":3,"href":"https:\/\/events.sustainablebrands.com\/conferences\/sb17istanbul\/wp-json\/wp\/v2\/pages\/339\/revisions"}],"predecessor-version":[{"id":658,"href":"https:\/\/events.sustainablebrands.com\/conferences\/sb17istanbul\/wp-json\/wp\/v2\/pages\/339\/revisions\/658"}],"wp:attachment":[{"href":"https:\/\/events.sustainablebrands.com\/conferences\/sb17istanbul\/wp-json\/wp\/v2\/media?parent=339"}],"curies":[{"name":"wp","href":"https:\/\/api.w.org\/{rel}","templated":true}]}}