{"id":265,"date":"2017-01-14T22:27:50","date_gmt":"2017-01-14T22:27:50","guid":{"rendered":"https:\/\/events.sustainablebrands.com\/conferences\/sb17istanbul\/?page_id=265"},"modified":"2017-04-01T18:45:27","modified_gmt":"2017-04-01T18:45:27","slug":"kayit","status":"publish","type":"page","link":"https:\/\/events.sustainablebrands.com\/conferences\/sb17istanbul\/tr\/kayit\/","title":{"rendered":"Kay\u0131t"},"content":{"rendered":"<h2 class=\"red\">Erken kay\u0131tlarda %40 indirim f\u0131rsat\u0131<\/h2>\n<p>SB&#8217;17 \u0130stanbul, d\u00fcnya \u00e7ap\u0131nda lider marka, i\u015f d\u00fcnyas\u0131 ve s\u00fcrd\u00fcr\u00fclebilirlik uzmanlar\u0131n\u0131 s\u00fcrd\u00fcr\u00fclebilirli\u011fi marka stratejisine nas\u0131l entegre edeceklerini, yenilikleri y\u00f6nlendirmeyi ve kurulu\u015flar\u0131 i\u00e7in de\u011fer yaratmay\u0131 \u00f6\u011frenmek ve payla\u015fmak \u00fczere bir araya getiriyor.<\/p>\n<table class=\"table table-bordered\">\n<tbody>\n<tr style=\"background-color: #0099cc; color: #ffffff;\">\n<td><\/td>\n<td align=\"center\" width=\"150\">T\u00fcm Etkinlik<\/td>\n<td align=\"center\" width=\"150\">Tek G\u00fcn<\/td>\n<\/tr>\n<tr>\n<td>\n<h3>1 \u2013 19 Nisan 2017<\/h3>\n<\/td>\n<td align=\"center\">\n<h3>350\u20ac<\/h3>\n<\/td>\n<td align=\"center\">&nbsp;<\/td>\n<\/tr>\n<tr>\n<td>\n<h3>20 \u2013 21 Nisan 2017<\/h3>\n<\/td>\n<td align=\"center\">\n<h3>550\u20ac<\/h3>\n<\/td>\n<td align=\"center\">\n<h3>225\u20ac<\/h3>\n<\/td>\n<\/tr>\n<\/tbody>\n<\/table>\n<p>&nbsp;<\/p>\n<p><span style=\"color: #ff0000;\"><strong>*<\/strong><\/span>Euro (\u20ac) kuru 3.70 TL olarak sabitlenmi\u015ftir.<\/p>\n<p>&nbsp;<\/p>\n<p align=\"center\"><a class=\"btn btn-lg btn-register\" href=\"http:\/\/secure.surakademi.com\/reg.php?ConfID=75\" target=\"_blank\">KAYIT OL<\/a><\/p>\n<p>&nbsp;<\/p>\n<hr \/>\n<p><a id=\"packages\" name=\"packages\"><\/a><\/p>\n<p>&nbsp;<\/p>\n<h2 class=\"red\">Kay\u0131t Paketleri<\/h2>\n<h3>Akademisyen ve Startup \u0130ndirimleri<\/h3>\n<p>SB\u201917 Istanbul i\u00e7in akademisyen ve startup indirimi uygulanmaktad\u0131r. Bu avantajdan yararlanmak i\u00e7in kurum isminizi belirterek\u00a0<a href=\"mailto:iletisim@surakademi.com\" target=\"_blank\">iletisim[at]surakademi.com<\/a>\u00a0adresinden bizimle ileti\u015fime ge\u00e7ebilirsiniz. *<\/p>\n<h3>Grup \u0130ndirimleri<\/h3>\n<p>SB\u201917 Istanbul\u2019a ekip olarak kat\u0131lmay\u0131 d\u00fc\u015f\u00fcn\u00fcyorsan\u0131z\u00a02 ki\u015fi ve \u00fcst\u00fc kat\u0131l\u0131mlar\u00a0i\u00e7in %30 indirimden faydalanabilirsiniz. Detayl\u0131 bilgi i\u00e7in\u00a0<a href=\"mailto:iletisim@surakademi.com\" target=\"_blank\">iletisim[at]surakademi.com<\/a>\u00a0adresinden bizimle ileti\u015fime ge\u00e7ebilirsiniz. *<\/p>\n<p><em><span style=\"color: #ff0000;\">*<\/span> Bu teklifler ba\u015fka indirimlerle birle\u015ftirilemez ve Erken Kay\u0131t f\u0131rsat\u0131na uygulanmaz.<\/em><\/p>\n<p>&nbsp;<\/p>\n<hr \/>\n<p>&nbsp;<\/p>\n<h2 class=\"red\">Sorular\u0131n\u0131z<\/h2>\n<p>T\u00fcm sorular\u0131n\u0131z i\u00e7in <a href=\"mailto:iletisim@surakademi.com\" target=\"_blank\">iletisim[at]surakademi.com<\/a> adresinden bizimle ileti\u015fime ge\u00e7ebilirsiniz<\/p>\n","protected":false},"excerpt":{"rendered":"<p>Erken kay\u0131tlarda %40 indirim f\u0131rsat\u0131 SB&#8217;17 \u0130stanbul, d\u00fcnya \u00e7ap\u0131nda lider marka, i\u015f d\u00fcnyas\u0131 ve s\u00fcrd\u00fcr\u00fclebilirlik uzmanlar\u0131n\u0131 s\u00fcrd\u00fcr\u00fclebilirli\u011fi marka stratejisine nas\u0131l entegre edeceklerini, yenilikleri y\u00f6nlendirmeyi ve kurulu\u015flar\u0131 i\u00e7in de\u011fer yaratmay\u0131 \u00f6\u011frenmek ve payla\u015fmak \u00fczere bir araya getiriyor. T\u00fcm Etkinlik Tek G\u00fcn 1 \u2013 19 Nisan 2017 350\u20ac &nbsp; 20 \u2013 21 Nisan 2017 550\u20ac 225\u20ac &nbsp; [&hellip;]<\/p>\n","protected":false},"author":1,"featured_media":0,"parent":0,"menu_order":0,"comment_status":"closed","ping_status":"closed","template":"","meta":[],"_links":{"self":[{"href":"https:\/\/events.sustainablebrands.com\/conferences\/sb17istanbul\/wp-json\/wp\/v2\/pages\/265"}],"collection":[{"href":"https:\/\/events.sustainablebrands.com\/conferences\/sb17istanbul\/wp-json\/wp\/v2\/pages"}],"about":[{"href":"https:\/\/events.sustainablebrands.com\/conferences\/sb17istanbul\/wp-json\/wp\/v2\/types\/page"}],"author":[{"embeddable":true,"href":"https:\/\/events.sustainablebrands.com\/conferences\/sb17istanbul\/wp-json\/wp\/v2\/users\/1"}],"replies":[{"embeddable":true,"href":"https:\/\/events.sustainablebrands.com\/conferences\/sb17istanbul\/wp-json\/wp\/v2\/comments?post=265"}],"version-history":[{"count":3,"href":"https:\/\/events.sustainablebrands.com\/conferences\/sb17istanbul\/wp-json\/wp\/v2\/pages\/265\/revisions"}],"predecessor-version":[{"id":989,"href":"https:\/\/events.sustainablebrands.com\/conferences\/sb17istanbul\/wp-json\/wp\/v2\/pages\/265\/revisions\/989"}],"wp:attachment":[{"href":"https:\/\/events.sustainablebrands.com\/conferences\/sb17istanbul\/wp-json\/wp\/v2\/media?parent=265"}],"curies":[{"name":"wp","href":"https:\/\/api.w.org\/{rel}","templated":true}]}}